745
In base 13, what is -9c3a7 - -3?
-9c3a4
In base 10, what is -69 - 4892765?
-4892834
In base 8, what is 5 - -2610443555?
2610443562
In base 3, what is 2 - -100002220100022100?
100002220100022102
In base 11, what is -aa0a0 + 41?
-aa05a
In base 14, what is 23 - 1ad30?
-1ad0b
In base 4, what is 223 + -11030300132?
-11030233303
In base 12, what is a99b2031 - 0?
a99b2031
In base 15, what is -119dd85 - 1e?
-119dda4
In base 8, what is 731153 - -52?
731225
In base 2, what is -10000100011000 - 1101101101011010?
-1111110001110010
In base 15, what is -1205d45 - 5?
-1205d4a
In base 15, what is 6a26b + -17b?
6a0e0
In base 16, what is -85c04 + ac?
-85b58
In base 4, what is 1103211 + -10021030?
-2311213
In base 16, what is 97 + -31075?
-30fde
In base 6, what is -14540451 + -203?
-14541054
In base 13, what is 746152 + -2?
746150
In base 15, what is 3b8e876 + -5?
3b8e871
In base 3, what is 1222201022 - 2010?
1222122012
In base 14, what is 219 - -1a303?
1a51c
In base 13, what is 1 - 8847374?
-8847373
In base 10, what is 22662 + -4680?
17982
In base 10, what is -1097263 + 211?
-1097052
In base 10, what is -6 + 1641825?
1641819
In base 5, what is -10124303 + -2410?
-10132213
In base 14, what is -42 - -3a2081?
3a203d
In base 5, what is -2142000044 + -4?
-2142000103
In base 14, what is -36 + -cd41?
-cd77
In base 12, what is -3b534 - 71?
-3b5a5
In base 9, what is -41047 - 1235?
-42283
In base 15, what is 1604 + -2d9e?
-179a
In base 6, what is 220414105 + -5?
220414100
In base 12, what is 162245 + 17?
162260
In base 3, what is 20022112211112 + 1001?
20022112212120
In base 8, what is -664057704 - -4?
-664057700
In base 2, what is 110 - -1111000000000010100?
1111000000000011010
In base 14, what is b - -1b68d9?
1b6906
In base 6, what is 5123313 + -131?
5123142
In base 7, what is 11434335 - 140?
11434165
In base 5, what is -124 + -1133222?
-1133401
In base 9, what is -2331412 - 2?
-2331414
In base 12, what is -434 + -4ab?
-923
In base 2, what is 100100111011001 - 10110100?
100100100100101
In base 2, what is 101010100110011001001000 - -10111?
101010100110011001011111
In base 13, what is -187b5 + 36?
-1877c
In base 8, what is -17 - 362735?
-362754
In base 5, what is -3220020000 + 10?
-3220014440
In base 7, what is -64006 + -144?
-64153
In base 9, what is -76 + -46413?
-46500
In base 9, what is 2587 - -3746?
6444
In base 15, what is -8 + -281edc3?
-281edcb
In base 9, what is 861 - -2121174?
2122145
In base 4, what is 22120201233023 + 0?
22120201233023
In base 4, what is -1220320300 - 23?
-1220320323
In base 2, what is -1010111 + 10101101001111000?
10101101000100001
In base 13, what is -10 + 89957?
89947
In base 8, what is -5254 - -32367?
25113
In base 7, what is -24 + -151513050?
-151513104
In base 3, what is -22002020121 - -211222?
-22001101122
In base 3, what is 1001212010002 - -11111?
1001212021120
In base 6, what is 1032545 + 244?
1033233
In base 14, what is -cb + 20b2b?
20a40
In base 10, what is -137311 + -27?
-137338
In base 15, what is be73 + -42?
be31
In base 7, what is -114 - -11433601?
11433454
In base 11, what is -68673092 - 8?
-6867309a
In base 10, what is 687542 + 774?
688316
In base 13, what is -35a1 + 26?
-3578
In base 4, what is -31 + 1310221332110?
1310221332013
In base 3, what is 1 + 212112111122210?
212112111122211
In base 13, what is 17bcb5c6 - 6?
17bcb5c0
In base 4, what is -232 - 102120331?
-102121223
In base 4, what is 122 - 22203212?
-22203030
In base 14, what is 1685d31ca + -3?
1685d31c7
In base 7, what is 16 - -15663444?
15663463
In base 8, what is -707166 - -1112?
-706054
In base 12, what is 1465 + 1b491?
20936
In base 2, what is 11111010010100 - 1001110110111110?
-101111100101010
In base 14, what is -96a14 - -25a?
-96798
In base 5, what is 221221323 - 12?
221221311
In base 10, what is -5 - 10918560?
-10918565
In base 10, what is -311 - 1815021?
-1815332
In base 3, what is -10011000122222 - -11?
-10011000122211
In base 7, what is 353563015 - 5?
353563010
In base 13, what is -2c + -508626?
-508655
In base 3, what is 22221210 - -1021201020?
1121200000
In base 9, what is -171845422 - 1?
-171845423
In base 3, what is 221022101011120 + 22?
221022101011212
In base 16, what is -bec1 - -90?
-be31
In base 11, what is -25 - 3383a91?
-3384006
In base 10, what is 560611 + 7?
560618
In base 9, what is -731333 - 18?
-731352
In base 14, what is -3d5c5c + -c?
-3d5c6a
In base 10, what is 260 + 204146?
204406
In base 10, what is -30247 + 3096?
-27151
In base 8, what is -14310 + 172?
-14116
In base 5, what is 30 - -100032333?
100032413
In base 7, what is 564244 + 521?
565065
In base 3, what is 1 - -11120122220210?
11120122220211
In base 14, what is 64281 - -558?
647d9
In base 8, what is -732442536 - -3?
-732442533
In base 7, what is -242434 - -351?
-242053
In base 7, what is -126643143 - 235?
-126643411
In base 10, what is -1853 - 4841?
-6694
In base 15, what is -74 + 16db78?
16db04
In base 7, what is 333260 - -1502?
335062
In base 12, what is 32 - 31241a3?
-3124171
In base 7, what is 560225126 + -4?
560225122
In base 13, what is -2477 - -3665?
11bb
In base 14, what is -9867d0 - 17?
-986807
In base 10, what is -1 - 6977598?
-6977599
In base 11, what is 22726a + 374?
227633
In base 12, what is a - 96a0b8?
-96a0aa
In base 13, what is 9a65 + -14021?
-7289
In base 11, what is -3032 - 3802?
-6834
In base 9, what is -3703 + 438?
-3254
In base 16, what is a24 - 703?
321
In base 13, what is -aba19 + -869?
-ac585
In base 14, what is 1074d7 + 43?
10753a
In base 2, what is -10001000011111001100 + -111011?
-10001000100000000111
In base 14, what is 86 - -10332?
103b8
In base 12, what is -173b1b - 11?
-173b30
In base 10, what is -522 - 4705?
-5227
In base 6, what is -100 - -35043405?
35043305
In base 4, what is -201002210132 + -10?
-201002210202
In base 3, what is 1101010120 + 20011122?
1121022012
In base 16, what is -5e957e0 + -2?
-5e957e2
In base 8, what is -51444063 + -1?
-51444064
In base 10, what is -4 - 69898094?
-69898098
In base 7, what is 10263 - -51506?
62102
In base 6, what is -1425313352 + -101?
-1425313453
In base 3, what is -1 + -1021100020211100?
-1021100020211101
In base 5, what is 4312010 - -10244?
4322304
In base 6, what is -32 - 1301154?
-1301230
In base 14, what is 18 - 78218?
-78200
In base 16, what is 422b - 26f?
3fbc
In base 7, what is -5 - -106105522?
106105514
In base 13, what is 56a04 + 12?
56a16
In base 8, what is -15341 + 34355?
17014
In base 6, what is 24511 + -1423?
23044
In base 15, what is 4ad05d6 - 5?
4ad05d1
In base 4, what is -12211330 + 21223?
-12130101
In base 5, what is -33 - -103221004?
103220421
In base 13, what is -504bba6 - 11?
-504bbb7
In base 5, what is -3143222 + -1011?
-3144233
In base 13, what is -29454 + 96?
-2938b
In base 13, what is -14a31 - -6a0?
-14361
In base 3, what is 2 + 120222122201020202?
120222122201020211
In base 2, what is 101 + -10010010001100100101001010001?
-10010010001100100101001001100
In base 11, what is -5 + -1601651?
-1601656
In base 13, what is -1c93c47 + -8?
-1c93c52
In base 12, what is 22 + -188615?
-1885b3
In base 16, what is -2 + -633d1c?
-633d1e
In base 16, what is -21c + beba?
bc9e
In base 13, what is -41 - 86096?
-86107
In base 16, what is -1e4f - 1bc?
-200b
In base 15, what is 303080c + 1?
303080d
In base 9, what is -16752 - 86?
-16848
In base 6, what is -255013 + -1431?
-300444
In base 5, what is -10 + 133343322?
133343312
In base 5, what is 123201023 + -1342?
123144131
In base 12, what is -24388 + -33b7?
-27783
In base 14, what is -12286 + -11?
-12297
In base 5, what is 2040134321 - 1?
2040134320
In base 7, what is 5 - -26054330?
26054335
In base 9, what is 5 + 1456107?
1456113
In base 14, what is -32190 - 12c?
-322bc
In base 2, what is -1101110 + -1011111001001111011101?
-1011111001010001001011
In base 3, what is -21 - -111220112221000121?
111220112221000100
In base 15, what is 1 - -95d8bb?
95d8bc
In base 9, what is 1285 - 1841?
-545
In base 3, what is 10 - 10021011110022021?
-10021011110022011
In base 4, what is 210 + -11131112?
-11130302
In base 3, what is -2102 - 10011120021212?
-10011120101021
In base 10, what is 830284 + 2?
830286
In base 15, what is e21d819 + -1?
e21d818
In base 5, what is 2434 + -23242202?
-23234213
In base 3, what is -221101110002011 - -11?
-221101110002000
In base 11